2) is divided by z(m).
12
Suppose 2*u = -3*l - 30, 2*l + 27 = -2*u - 5. Calculate the remainder when 27 is divided by (-4)/2 + (-1 - u).
12
Suppose 76*d + 975 = 89*d. Calculate the remainder when d is divided by 42.
33
Let g(x) = -x**2 - 11*x + 64. Calculate the remainder when 109 is divided by g(-14).
21
Let g = -170 - -177. Let w(q) = -9*q. Calculate the remainder when w(-2) is divided by g.
4
Let a be 2/5 + 6994/65. Let p = -63 + a. Calculate the remainder when p is divided by 8.
5
Calculate the remainder when 440 is divided by -3*18/6*(-21)/9.
20
Let l = 8 - 5. Suppose 0 = -l*c + c + 18. What is the remainder when 16 is divided by c?
7
Let k be (-103 - 1)*(-2)/4. Suppose -15*x = -k - 68. Calculate the remainder when 30 is divided by x.
6
Suppose 6*v = 7*v - 31. Let q = 6 + -10. What is the remainder when (2/q)/((-1)/242) is divided by v?
28
Suppose -163 = -8*v + 213. What is the remainder when 373 is divided by v?
44
Let i = -14 + 32. Let b(y) = 51*y + 4. What is the remainder when i is divided by b(0)?
2
Let s(h) = h**2 + 29. Let y be (-116 + 14)*2/(-4). Suppose -5*l = -0*l - n - y, 3*l + 2*n - 28 = 0. Calculate the remainder when s(0) is divided by l.
9
Let s(j) = 96*j - 7. Let w(r) = -48*r + 3. Let u(i) = -4*s(i) - 9*w(i). Let c be u(1). Suppose -4*f + c = -23. What is the remainder when 52 is divided by f?
16
Let r = -14 - -38. What is the remainder when (49/196)/(2/344) is divided by r?
19
Let b = -18 - -34. Let w(i) = i**2 + 4*i - 1. Let o be w(-2). Calculate the remainder when (-1)/(2*o/610) is divided by b.
13
Let u(m) = m**2 - 10*m + 40. What is the remainder when 101 is divided by u(5)?
11
Suppose -2*b + 93 = -9. Suppose c - 2*c = -3. Suppose c + 23 = 2*r. Calculate the remainder when b is divided by r.
12
Let d = 19 - -54. Calculate the remainder when d is divided by 26.
21
Calculate the remainder when 91 is divided by (-107)/(-15) + (-36)/270 - -40.
44
Let y be (-6)/21*(-6 + -1). Suppose 9*d - 49 = y*d. Suppose 2*x = 3*c + 63, -x = -c - 15 - 14. What is the remainder when x is divided by d?
3
Let d = 285 - 243. Calculate the remainder when 207 is divided by d.
39
Let j(b) = 3*b + 13. What is the remainder when (140/100)/(1/35 - 0) is divided by j(0)?
10
Let w = 34 - 0. Suppose -q - 4 = i, -5*q = -q - 2*i + w. Let z = 21 + q. What is the remainder when 41 is divided by z?
13
Let w = -30 + 34. Suppose i - 2 = 0, w*n = i - 22 + 80. What is the remainder when n is divided by 8?
7
Let p = 81 + -73. What is the remainder when 1360/45 + p/(-36) is divided by 11?
8
Let n(l) = 22*l + 1. Suppose 5*x - 2 = 8. Suppose -x*t + 45 = -t. Calculate the remainder when t is divided by n(1).
22
Let s = 73 + 112. What is the remainder when s is divided by 93?
92
Let d(l) = l**3 + 5*l**2 + 4*l + 4. Let j be d(-4). Suppose 8*f - j*f = 216. Let a = 49 + -35. Calculate the remainder when f is divided by a.
12
Let h(q) = -3*q + 2. Let j be h(0). Suppose 1 - 7 = -j*d. Calculate the remainder when d is divided by 2.
1
Suppose -47*b + 1008 = -5*b. Calculate the remainder when b is divided by 9.
6
Suppose 30 = 3*x + 5*h - 103, 4*x + 3*h = 159. Let g = x + 10. Suppose -5*c - 2*p = -78, -5*c + p + 30 + 51 = 0. Calculate the remainder when g is divided by c.
14
Let z(s) = -s + 12. Let v be z(8). Suppose v*j - j - 45 = 0. Let t = j + 29. Calculate the remainder when t is divided by 23.
21
Calculate the remainder when 57 is divided by (-94)/(-2) - (-12 + 10).
8
Suppose 3*q + 2*r = 28 + 21, 3*q - 3*r - 39 = 0. Suppose q*k = 9*k + 228. What is the remainder when k is divided by 10?
8
Let y be ((-14)/4 - -2)*(-4 - -2). Suppose 5*s = -i + 707, 3*s - y*i - 78 - 357 = 0. What is the remainder when s is divided by 16?
14
Suppose -4*r = -203 + 75. Let j = r - 11. What is the remainder when j is divided by 6?
3
Suppose 34*d + 216 = 52*d. What is the remainder when 102 is divided by d?
6
Suppose 5*g + 46 = x, -160 = -2*x - 2*x - 4*g. What is the remainder when x is divided by 22?
19
Let c = 3 - 2. Suppose 0 = -i + 1 + c. Suppose -i*q + 4*q - 54 = 0. What is the remainder when 53 is divided by q?
26
Let b(a) = -a**2 - a + 9. Calculate the remainder when (4 - (-188)/5) + 6/15 is divided by b(0).
6
Let a = -292 + 352. Calculate the remainder when a is divided by 32.
28
Let b be 28/10 + (-2)/(-10). Let r(w) = 2*w**2 - 2 + 3*w - w**b - 7*w**2 - 4 - 5*w. What is the remainder when 6 is divided by r(-5)?
2
Let n(d) = -2*d**2 + 70*d - 37. Calculate the remainder when n(30) is divided by 66.
65
Suppose -2*f + 2*z + 38 = 0, -3*f + 2*z + 47 = z. Let r(b) = 6*b**3 - 3*b**2 + 2*b. Let o = -3 + 5. What is the remainder when r(o) is divided by f?
12
Let f be 12 + ((-6)/1)/2. Suppose 0 = -2*n + f + 3. Suppose -x + n = -5*b - 18, 0 = -4*x + 2*b + 24. What is the remainder when 10 is divided by x?
2
Suppose 2*c + 2*c - 36 = 0. What is the remainder when (c - 1)*34/8 is divided by (-60)/2*(-8)/20?
10
Suppose -197 = -5*j - 3*r, -11*j = -8*j + 2*r - 118. What is the remainder when j is divided by 3?
1
Let w = 1095 - 568. What is the remainder when w is divided by 6?
5
Suppose 50 = 4*p + 10. Let x = 106 + -38. Suppose 4*c + 4*o - x = 0, -5*c + 5*o + 49 = -56. What is the remainder when c is divided by p?
9
Suppose -15*b = 24*b - 1209. Calculate the remainder when 119 is divided by b.
26
Suppose 12*x = 45 + 519. What is the remainder when x is divided by 14?
5
Let v = -66 - -101. Calculate the remainder when v is divided by 27.
8
What is the remainder when (-24)/112*-7*56 is divided by 30?
24
Let r(i) = i**3 + 16*i**2 - 49*i + 169. Suppose l - 4*p - 110 = 0, -l + 0*p = -5*p - 114. What is the remainder when l is divided by r(-19)?
9
Suppose 5*s - 533 = 112. What is the remainder when s is divided by 45?
39
Suppose 0 = -14*b + 29*b - 225. Calculate the remainder when 298 is divided by b.
13
Suppose -1363 = -9*r + 1535. Calculate the remainder when r is divided by 27.
25
Let a = -121 - -135. Let r(p) be the first derivative of -p**2/2 + 19*p - 1. Calculate the remainder when 8 is divided by r(a).
3
Suppose 2*x + 3*r - 384 = -115, 2*x - 248 = 4*r. What is the remainder when x is divided by 19?
16
Suppose -26 - 148 = -3*m. Calculate the remainder when 231 is divided by m.
57
Let d(c) = -8*c + 91. Calculate the remainder when 171 is divided by d(4).
53
Let r be (2 + (-12)/5)/((-4)/(-380)). What is the remainder when (-3)/(1*2/r) is divided by 29?
28
Suppose -7*t - 180 - 163 = 0. Let x = 68 + t. Calculate the remainder when 63 is divided by x.
6
Suppose 675 - 465 = 7*o. Let w(r) = -r**2 - 2*r + 3. Let p be w(2). Let y(m) = -m**3 - 5*m**2 - 3*m - 4. Calculate the remainder when o is divided by y(p).
8
Let k(z) = -z**2 + 18*z + 150. Calculate the remainder when -22*2/(-2) - 1 is divided by k(-6).
3
Let q = 644 + -596. Calculate the remainder when q is divided by 24.
0
Suppose -4*a = 5*p - 10, 0*p = 5*p - 5*a - 55. Calculate the remainder when 28 is divided by p.
4
Let o = -240 + 250. What is the remainder when 35 is divided by o?
5
Let z = -441 + 496. What is the remainder when 710 is divided by z?
50
Suppose -b + l = -2*b + 56, -110 = -2*b - l. Let f = 58 - b. Calculate the remainder when 17 is divided by f.
1
Let i(g) be the second derivative of g**4/12 - 5*g**3/3 + 15*g**2 + 13*g. What is the remainder when i(13) is divided by 18?
15
Let z = -591 + 680. What is the remainder when z is divided by 19?
13
Let a be ((-1)/(2/(-16)))/((-6)/(-6)). Suppose 0 = -a*p + 12*p - 56. Calculate the remainder when p is divided by 3.
2
Suppose 0 = -3*y - 1032 + 2103. Calculate the remainder when y is divided by 176.
5
Let p = 83 + -79. Suppose 0 = 5*r + 2*l - p*l - 273, 2*l + 220 = 4*r. What is the remainder when 156 is divided by r?
50
Let b = -1163 + 1316. What is the remainder when b is divided by 58?
37
Let i = -538 + 547. Calculate the remainder when 2212 is divided by i.
7
Let n = -1823 - -2415. Calculate the remainder when n is divided by 23.
17
Suppose 23*r - 18*r - 20 = 0. What is the remainder when (-548)/6*(-6)/r is divided by 14?
11
Let p = -4 + 15. Suppose 0*f = -3*f + 5*a + 40, 3*a = 5*f - 56. Let u = f + -4. What is the remainder when p is divided by u?
5
Let i = -2820 - -2877. Let h(v) = -v + 7. Let c be h(6). What is the remainder when i is divided by 1 - (-14*c + 0)?
12
Let v be (-5394)/(-14) 